5?
-863ffe
In base 5, what is -3043 - 2422323?
-2430421
In base 7, what is -2016612 - 3252?
-2023164
In base 7, what is 2405310 + 1413?
2410023
In base 7, what is 1043220450 + -1?
1043220446
In base 10, what is 1819 + -38635?
-36816
In base 7, what is -3 - -53045416?
53045413
In base 5, what is -120 + -33223303?
-33223423
In base 16, what is 342485 + -2c?
342459
In base 13, what is 277b + -183a?
c41
In base 3, what is -110220102221212 - -111?
-110220102221101
In base 13, what is -13b0a930 - -2?
-13b0a92b
In base 3, what is -102022211120212011 + -2?
-102022211120212020
In base 7, what is 1032 + -205340?
-204305
In base 16, what is 53 - 4d561?
-4d50e
In base 12, what is -284 + -11466?
-1172a
In base 5, what is -321103120300 + -10?
-321103120310
In base 7, what is 2206 - 121032?
-115523
In base 16, what is -1cb - -1773?
15a8
In base 6, what is -14100410 - -31?
-14100335
In base 10, what is -12 - -102122176?
102122164
In base 7, what is 12241 + -342245?
-330004
In base 4, what is -3200 - 10203333023?
-10210002223
In base 2, what is -100 + 111101110001100110001001?
111101110001100110000101
In base 5, what is 302034231 - 3?
302034223
In base 16, what is -5 + -d2aa9?
-d2aae
In base 6, what is 14224554 - -1054?
14230052
In base 15, what is -c5 - -254e7?
25422
In base 5, what is 4 + 1144110430311?
1144110430320
In base 15, what is 16b0a02 + 0?
16b0a02
In base 14, what is 1 - 1ba001?
-1ba000
In base 16, what is 1d78 - 180?
1bf8
In base 9, what is 8 + -6888667?
-6888658
In base 5, what is 1012 - 100232022?
-100231010
In base 15, what is -67ede + -1d0?
-681be
In base 10, what is -3901916 + 4?
-3901912
In base 5, what is -203022442 - -41?
-203022401
In base 7, what is 43153623 + 14?
43153640
In base 13, what is -475 - a477?
-a91c
In base 8, what is -441 + -141074?
-141535
In base 10, what is -13 + 3396361?
3396348
In base 9, what is -553 - 1378452?
-1380115
In base 4, what is -320321300013 + -3?
-320321300022
In base 13, what is 3924ac3 - -18?
3924b0b
In base 14, what is 616b + 4825?
a992
In base 14, what is -1 + -57a8d?
-57a90
In base 6, what is 24450413 + -124?
24450245
In base 11, what is -1166958 - 7?
-1166964
In base 11, what is 125 - -119a5?
1201a
In base 3, what is -1201020 - -21010001?
12101211
In base 7, what is -13321 - -20455?
4134
In base 8, what is -677 + -3134605?
-3135504
In base 16, what is 16466 - -2d4?
1673a
In base 4, what is -11323 - -112100?
100111
In base 12, what is -145990 + 50?
-145940
In base 12, what is 15 + -891813?
-8917ba
In base 4, what is -2312 + -1112232?
-1121210
In base 8, what is -131 - -2547157?
2547026
In base 14, what is 0 - -44c012a?
44c012a
In base 13, what is 2c90 - 11564?
-b5a4
In base 6, what is -25503255 - -100?
-25503155
In base 10, what is -167 + 59105?
58938
In base 5, what is 4 + -2121200333?
-2121200324
In base 12, what is -4 - 6707808?
-6707810
In base 5, what is 20221341303 - 10?
20221341243
In base 2, what is 100010010 + -110011110100?
-101111100010
In base 2, what is 1010111110010110100 - 10?
1010111110010110010
In base 16, what is 59e - 5f6d?
-59cf
In base 5, what is 44134244234 - 4?
44134244230
In base 14, what is 2 - 28529a4?
-28529a2
In base 14, what is -9 + -48a075?
-48a080
In base 14, what is 2 + -a67d513?
-a67d511
In base 13, what is -a7 + 2157?
2080
In base 4, what is 233220333020 + -3?
233220333011
In base 7, what is -26465 - -5262?
-21203
In base 15, what is -1 + -c40904?
-c40905
In base 9, what is 1273 - -853631?
855014
In base 2, what is -10011101001100 - 11110011?
-10100000111111
In base 7, what is -154106 + 23030?
-131046
In base 3, what is 1211 - 1020110101210?
-1020110022222
In base 3, what is 221020 + 12102000?
20100020
In base 8, what is 114002611 + -3?
114002606
In base 9, what is -1175574 - -7?
-1175566
In base 8, what is 3240226 - -12?
3240240
In base 9, what is -4772 - -13802?
8020
In base 10, what is 21631421 + 9?
21631430
In base 3, what is 20020 - 1122101022?
-1122011002
In base 11, what is 37 - -960272?
9602a9
In base 3, what is -212200200122 - 220102?
-212201121001
In base 12, what is -17 + 287737?
287720
In base 2, what is 110111100000001 - -1000001?
110111101000010
In base 4, what is 310211302 + -3301?
310202001
In base 13, what is -250a593 - -6?
-250a58a
In base 12, what is -233a8a9 + 7?
-233a8a2
In base 9, what is 24646837 + -44?
24646783
In base 8, what is 30 + 200602545?
200602575
In base 13, what is 6 - -4a13514?
4a1351a
In base 6, what is 513211010 - 12?
513210554
In base 2, what is -110 - -11111000111111100010?
11111000111111011100
In base 14, what is 2 - 81b4d5?
-81b4d3
In base 8, what is 1 - -33110366?
33110367
In base 2, what is 11 + 110101001110101001000011111?
110101001110101001000100010
In base 3, what is 2201 - -2102000201?
2102010102
In base 4, what is -211010130101 - 23?
-211010130130
In base 2, what is 10110 - 10000010110111110010010?
-10000010110111101111100
In base 7, what is -3423061 - 54?
-3423145
In base 5, what is 4 + -423321334?
-423321330
In base 8, what is -1 + 126242222?
126242221
In base 15, what is -e7a108 - -12?
-e7a0e6
In base 4, what is -322120131 - -101?
-322120030
In base 13, what is 1 - -535c88c?
535c890
In base 11, what is -72 + -226a?
-2331
In base 13, what is -21630 + -5?
-21635
In base 2, what is 10 + -1010100000110000010011000100?
-1010100000110000010011000010
In base 5, what is -1001020403 + 124?
-1001020224
In base 16, what is 10ae + -b100?
-a052
In base 3, what is 10 + 10022021111220102?
10022021111220112
In base 13, what is -2 + -108955?
-108957
In base 16, what is 1 - beb9dd?
-beb9dc
In base 3, what is -222221 + 11020202?
10020211
In base 6, what is 0 - -23034434?
23034434
In base 15, what is c91e260 - -6?
c91e266
In base 4, what is -1203010310332 - -11?
-1203010310321
In base 10, what is -8 + 3581501?
3581493
In base 15, what is -5 - -177085?
177080
In base 5, what is -1032324040 + -10?
-1032324100
In base 7, what is 2 + -115014505?
-115014503
In base 16, what is -6980f155 + 1?
-6980f154
In base 3, what is -1 - -1200121221200?
1200121221122
In base 13, what is -2 - 26284595?
-26284597
In base 8, what is -3073 - 10160?
-13253
In base 11, what is -43 - a4323?
-a4366
In base 2, what is -1001001001110011 - 110101111?
-1001010000100010
In base 4, what is 13230112 + 33112?
13323230
In base 6, what is -25 - -324322051?
324322022
In base 3, what is -120110 - 10010220220?
-10011111100
In base 15, what is d8714 + 10c?
d8821
In base 8, what is -336 - 330740?
-331276
In base 5, what is 1004 + 402303?
403312
In base 14, what is 20 - -2266c6a?
2266c8a
In base 12, what is 1862808 + -2b?
1862799
In base 16, what is 6501612b - 2?
65016129
In base 6, what is -12323310 - -2335?
-12320531
In base 13, what is -3 - 5a75b8?
-5a75bb
In base 12, what is 447 + 12741?
12b88
In base 15, what is -5 - -1c1346b9?
1c1346b4
In base 12, what is 439 + -3a46?
-3609
In base 3, what is 1221000111222120 - 112?
1221000111222001
In base 10, what is 3 + -17075081?
-17075078
In base 4, what is -12222 + -1310112?
-1323000
In base 6, what is -4 + 51305303?
51305255
In base 15, what is -1420ca0e + 5?
-1420ca09
In base 15, what is 1979 - -8d8?
2362
In base 3, what is 2 - 100020212011010?
-100020212011001
In base 11, what is 53682 + -7a61?
46721
In base 3, what is 222110122 + -111002222?
111100200
In base 3, what is 1 + 112202210022021012?
112202210022021020
In base 14, what is -5 + -248c65?
-248c6a
In base 11, what is -20012a42 - 5?
-20012a47
In base 14, what is 30ac014 + -2?
30ac012
In base 3, what is 1220211220 - 211?
1220211002
In base 6, what is -1153542322 + 0?
-1153542322
In base 7, what is 362303 - -226?
362532
In base 2, what is 1001010011101011 + 10000010?
1001010101101101
In base 14, what is -5 - 3529cc?
-3529d3
In base 9, what is -380 - 207811?
-208301
In base 9, what is 4087312 - 8?
4087303
In base 16, what is -4 - 2f8fc25?
-2f8fc29
In base 2, what is -1100000010010010100001101 + -101?
-1100000010010010100010010
In base 11, what is -4985 - 567?
-5441
In base 12, what is -5 + 3204a3?
32049a
In base 11, what is -4 + -5663737?
-5663740
In base 6, what is -1010453434 - 51?
-1010453525
In base 4, what is 1101212112323 - 120?
1101212112203
In base 13, what is -5 + -caab87?
-caab8c
In base 13, what is -1c6601 + 6?
-1c65c8
In base 11, what is 207a1 - a79?
1a823
In ba